pose -7*i + 4*i + y = 0. What are the prime factors of i?
7, 11
Let p = 7575 + 5683. List the prime factors of p.
2, 7, 947
Let j = -534 - -532. List the prime factors of 25/j*(-11 - 57).
2, 5, 17
Let j(o) = o**3 + 4. Let a be j(0). Let f(v) = 63*v + v**3 - 135*v - 2*v**2 + a - 5 + 64*v. What are the prime factors of f(6)?
5, 19
Let t = 67042 + 19969. What are the prime factors of t?
87011
Let d = 201 - 106. Suppose 0 = -2*q + 2*t + 671 - d, -857 = -3*q - 4*t. List the prime factors of q.
7, 41
Let q(j) = j**3 - 13*j**2 + j + 3. Let d be q(9). What are the prime factors of (d/18)/(3/(-63))?
2, 7, 13
Let o be 1*38*((-9)/6 + 2). Let g = 49 - o. What are the prime factors of -2*(1 - 5)*g/16?
3, 5
Let k = -23 - -24. Let a(u) = -u**3 - 38*u**2 - 73*u - 32. Let d be a(-36). What are the prime factors of (k - 16/d) + 13?
2, 5
Let b(v) = v**3 - 19*v**2 + 11*v + 10. Let w be b(9). Let y = 1222 + w. Suppose 0 = 5*k - 3*x - 519, 10*k - y = 5*k + 2*x. What are the prime factors of k?
3, 5, 7
Suppose -47 = -4*x + 81. Let t(k) = 78*k - 72*k - k**3 - x + 2 + 14*k**2. What are the prime factors of t(13)?
7, 31
Let q(j) be the third derivative of -5*j**4/8 + 79*j**3/6 - 2*j**2. List the prime factors of q(-12).
7, 37
Suppose 0 = l + 5*l + 1026. Let z = l - -321. Suppose -6*w = -660 - z. What are the prime factors of w?
3, 5
Let r = 14682 + 14220. List the prime factors of r.
2, 3, 4817
Suppose 2*g + 6 = 0, -3*o + 4*o + 2*g + 1 = 0. Suppose n - 234 = 3*k, -744 = -4*n + n - o*k. What are the prime factors of n?
3
Let p(a) = -a**3 + 5*a**2 + 3*a - 8. Let h be p(5). Let c be 0/(1*(1 - 2)). Suppose h*g = -c*g + 1127. List the prime factors of g.
7, 23
Suppose 0 = -3*t - 4*l - l + 59, -2*t + 3*l = -71. Suppose 0 = 64*u - 2415 + 687. Suppose -t*w = -u*w - 221. List the prime factors of w.
13, 17
Let n be -1*0/(((-8)/2)/4). Let c(o) = -o**2 + 5. Let j be c(n). Suppose 3*k - 445 = -5*z, -j*k + 440 = 5*z - k. What are the prime factors of z?
2, 23
Suppose -3*p = 3*g - 24, 0*g = 3*p + g - 16. Suppose -3*n = 2*h - 5*n + p, 3*n = h + 12. Let r = h + 42. What are the prime factors of r?
3, 5
Let h(y) = -407*y - 15. Let z be h(1). Let t = z + 568. What are the prime factors of t?
2, 73
Let k be (-5)/(125/(-20))*5. Suppose v = 5*w - 4*v - 25, 0 = -5*w - k*v + 52. List the prime factors of 39 + (w - 2 - 4).
41
Suppose 3*v - 4*g - 32 = 0, -5*v + 125 - 37 = 2*g. Suppose v*k = 6*k + 3860. List the prime factors of k.
2, 193
Let y(v) = -2*v + 27. Let c be y(13). Let r(x) = 8*x**2 + c - 4*x**2 + 9 + 3*x**2. What are the prime factors of r(-4)?
2, 61
Let m(u) = 1895*u + 3314. What are the prime factors of m(6)?
2, 3671
Let q(x) = 64*x + 126. Let l(s) be the first derivative of 13*s**2/2 + 25*s + 12. Let u(a) = -11*l(a) + 2*q(a). List the prime factors of u(-11).
2, 71
Suppose -3989 = -4*y + 3*w + 2921, 3*y + 5*w - 5168 = 0. What are the prime factors of y?
2, 863
Let w = 475 - 1275. Let z = 1373 + w. What are the prime factors of z?
3, 191
Suppose 37*q = 26*q + 3003. Let i be ((-3)/3 - -1) + -48. List the prime factors of (-72)/i - q/(-2).
2, 3, 23
Let l(i) be the second derivative of -i**4/12 + 23*i**3/6 - 35*i**2/2 - i. Suppose v + 12 = -0*v + 5*x, 4*v + 4*x = 48. List the prime factors of l(v).
5, 17
What are the prime factors of (-22002)/(-84) - (-6)/84?
2, 131
Suppose -p + 3*s - 115 = p, -s - 45 = p. Let n be ((-4)/10)/(105/p + 2). List the prime factors of (n/(20/(-535)))/(-1).
107
Suppose 6743 = p + 1066. What are the prime factors of p?
7, 811
Let b(v) = -144*v + 723. Let t be b(4). Let i = 307 - 217. Let m = t - i. What are the prime factors of m?
3, 19
Let p(u) = 3*u**2 - u + 15. Let w be p(6). Let v = -79 + w. Let z = 99 - v. What are the prime factors of z?
61
Let h be -4899 + -8 + 15/5. What are the prime factors of h/(-20) - (-3)/(-15)?
5, 7
Let p = -320 - -316. What are the prime factors of (-366)/p*(35 - 33)?
3, 61
Let y(r) = 8*r + 18. Let f be y(6). Let n be -8*f/12 + 0 + -1. Let u = 50 + n. What are the prime factors of u?
5
Let y(r) = r**3 - 7*r**2 + 6*r - 5. Suppose -x = -116 - 12. Let b be 15/(-6)*x/(-40). What are the prime factors of y(b)?
107
Suppose -10*b - 4*b + 136530 = b. List the prime factors of b.
2, 3, 37, 41
Let c be 4/(15/(-3) + 6). List the prime factors of (-266)/(c + -11) - -1.
3, 13
Let r be 212282/126 + -4*(-2)/36. Suppose -5*s + 7*o - 2*o + r = 0, s - 2*o = 334. What are the prime factors of s?
2, 5, 17
Let u(m) = 28*m**3 - 17*m**2 + 39*m - 118. What are the prime factors of u(13)?
2, 47, 157
Let k = -2603 + 898. Let l = 3068 + k. List the prime factors of l.
29, 47
Suppose -65*r + 68*r = 42. Suppose 0 = r*h - 5604 + 410. List the prime factors of h.
7, 53
Let z(x) = -4*x**3 + 2*x**2 - 9*x - 15. Let u(q) = -5*q**3 + q**2 - 8*q - 17. Let i(o) = 3*u(o) - 4*z(o). What are the prime factors of i(9)?
3, 7
Let k be ((-3)/2)/(-1) - 10/4. Let t be k*21/(-9) - 2/6. Suppose 0 = -5*u + w + 855, t*u + 705 = 6*u - 5*w. List the prime factors of u.
2, 5, 17
Suppose 3694 = -t + 5*t - 2*a, t - 934 = -3*a. Suppose t = 2*x + q, 2*x - 7*x - 2*q = -2312. List the prime factors of x.
2, 3, 7, 11
Let s(t) = -4*t**2 - 6*t - 200. Let w(z) = -3*z**2 - 5*z - 199. Let p = 62 + -65. Let y(c) = p*w(c) + 2*s(c). List the prime factors of y(0).
197
Let r(u) = 52*u + 45. Let p be r(5). Let v = p - 173. What are the prime factors of v?
2, 3, 11
Suppose 5*b = -2*d + 19 + 3, b = d + 10. Let r be b/39 - (-6)/117*933. List the prime factors of (3 - r)*(-10)/3 - -2.
2, 19
Let h be 12/10 - 399/(-105). Suppose 5*t - 3*p - 3179 = 0, -h*t + 2533 = -t + p. List the prime factors of t.
2, 317
Suppose 61*k - z - 65289 = 60*k, -3*k = 3*z - 195891. List the prime factors of k.
65293
List the prime factors of (-195172)/(-28) - 130/91.
3, 23, 101
What are the prime factors of 14/(-168)*60/40 - (-111137)/8?
2, 23, 151
Let a be (-24)/(-4)*(5 + -4)*-1. What are the prime factors of (-4 + 7)/(a/(-758))?
379
Let m(q) = 3*q**3 + 5965*q**2 - 5933*q**2 - 45 - 2*q**3 + 24*q. List the prime factors of m(-31).
2, 43
Let n(f) = -4*f + 12. Let x be n(3). Let l(g) = -g**3 - 2*g**2 + g + 1132. What are the prime factors of l(x)?
2, 283
List the prime factors of 122*3 + (420/(-168) - 9/2).
359
Let j(v) = -21 - 452*v**3 - 3 - 15769*v**2 - 20*v + 3 + 15770*v**2. List the prime factors of j(-1).
2, 113
Let f(h) = 21*h**3 + h**2 - h - 2. Let n be f(-1). Let r = n + -5. List the prime factors of (-4242)/r + 13/(676/(-8)).
163
Let k(q) = -28*q. Suppose 0 = f - 4*u - 8, f - 4*f - 4 = 2*u. Suppose 4*w - 3 = -g + 2*g, -4*w = f. List the prime factors of k(g).
2, 3, 7
Let q = -33 - -37. Let h be (-18 - 8)*(-26)/q + 2. Let g = h - 58. List the prime factors of g.
113
Suppose -3*n = n - 16. Let q(k) = 11*k**2 - 4*k + 14. Let o be q(n). Suppose -3*x + o + 54 = 0. List the prime factors of x.
2, 19
Suppose i + 8 = -3*l + 15, 0 = -5*l + i + 1. List the prime factors of -5 + 1115 + 1/l - -4.
5, 223
Let f = 485 + -473. Suppose 0 = g + 4*g - 25. List the prime factors of (-3)/((-1)/f*4/g).
3, 5
Suppose 6*l - l = 4*m + 42217, -2*l = 2*m - 16876. List the prime factors of l.
23, 367
Let w = 197 + -196. What are the prime factors of (w + 416 - (-3 + 2)) + 1?
419
Suppose 1157*u = 1159*u - 14074. What are the prime factors of u?
31, 227
Suppose -4*x = 5*s - 40099, -x + 25 = 29. What are the prime factors of s?
71, 113
Let l be (7 - -11)/(0 - (-9)/(-6)). Let w(b) = -76*b - 28. Let x be w(l). Suppose -5*y = -y - x. What are the prime factors of y?
13, 17
Let j be (-155)/(-30) + 1/(-6). Suppose o - 12 = -2*l, 5*o - 45 = -0*o + j*l. Suppose o*h + 240 = 15*h. List the prime factors of h.
2, 3
Let m(b) = 471*b + 239. What are the prime factors of m(6)?
5, 613
Suppose -8*d = -151 - 434 - 2439. What are the prime factors of d?
2, 3, 7
Suppose 4*h + 684 = 2*x, 6*h + 332 = x + 9*h. List the prime factors of x.
2, 13
Let o = -21783 - -31636. What are the prime factors of o?
59, 167
What are the prime factors of 1122 - (-198)/(-297)*27/2?
3, 7, 53
Let j be ((-26)/4)/(2 + 15/(-6)). Let x(p) = 0*p - j*p + 20 + 10*p + 0*p. List the prime factors of x(-17).
71
Let l = -12892 + 26633. What are the prime factors of l?
7, 13, 151
Let q = 75 + -73. Suppose 3 - 222 = -y + b, -q*y + 432 = -5*b. List the prime factors of y.
13, 17
Suppose 0*q - q 